{"id":105,"date":"2024-05-08T17:34:02","date_gmt":"2024-05-08T15:34:02","guid":{"rendered":"https:\/\/ibenselogistica.com\/?page_id=105"},"modified":"2025-06-11T09:30:12","modified_gmt":"2025-06-11T07:30:12","slug":"aviso-legal","status":"publish","type":"page","link":"https:\/\/ibenselogistica.com\/index.php\/aviso-legal\/","title":{"rendered":"Aviso legal"},"content":{"rendered":"\t\t<div data-elementor-type=\"wp-page\" data-elementor-id=\"105\" class=\"elementor elementor-105\">\n\t\t\t\t<div class=\"elementor-element elementor-element-0021a12 e-flex e-con-boxed e-con e-parent\" data-id=\"0021a12\" data-element_type=\"container\" data-e-type=\"container\">\n\t\t\t\t\t<div class=\"e-con-inner\">\n\t\t\t\t<div class=\"elementor-element elementor-element-d363b67 elementor-widget elementor-widget-text-editor\" data-id=\"d363b67\" data-element_type=\"widget\" data-e-type=\"widget\" data-widget_type=\"text-editor.default\">\n\t\t\t\t<div class=\"elementor-widget-container\">\n\t\t\t\t\t\t\t\t\t<p>DATOS DE LA EMPRESA<\/p><p>\u00a0<\/p><p>En cumplimiento del art\u00edculo 10 de la Ley 34\/2002, de 11 de julio, de Servicios de la Sociedad de la Informaci\u00f3n y Comercio Electr\u00f3nico, a continuaci\u00f3n se exponen los datos identificativos de la empresa.<br \/><strong>Nombre Jur\u00eddico<\/strong>: IBENSE LOG\u00cdSTICA, S.L.\u00a0<\/p><p>\u00a0<\/p><p><strong>Denominaci\u00f3n social<\/strong>:\u00a0Sociedad Limitada<br \/><strong>Domicilio social<\/strong>: C\/B, PARCELA 16-18, Desp. 3, P.I. MAIGM\u00d3, 03109 TIBI (Alicante)<br \/><strong>Correo electr\u00f3nico<\/strong>: ibenselogistica.sl@gmail.com<br \/><strong>Tel\u00e9fono<\/strong>: 96 655 36 53<\/p><p>\u00a0<\/p><p>El sitio web ibenselogistica.com (en adelante, el \u201cSitio Web\u201d) es propiedad de IBENSE LOG\u00cdSTICA, S.L.\u00a0 con nombre comercial IBENSE LOG\u00cdSTICA, S.L..<br \/>El acceso al sitio web implica la aceptaci\u00f3n de todas las condiciones siguientes:<\/p><p>\u00a0<\/p><p>PROPIEDAD INDUSTRIAL<\/p><p>\u00a0<\/p><p>El logotipo y la denominaci\u00f3n \u201cIBENSE LOG\u00cdSTICA, S.L.\u201d, as\u00ed como otros signos distintivos (gr\u00e1ficos o denominativos), que aparecen en esta Web son propiedad exclusiva de IBENSE LOG\u00cdSTICA, S.L., de tal forma que es esta entidad la \u00fanica autorizada a utilizarlos.<br \/>Los contenidos de este sitio web, textos, im\u00e1genes, etc. as\u00ed como su dise\u00f1o gr\u00e1fico y su c\u00f3digo fuente est\u00e1n protegidos por la legislaci\u00f3n espa\u00f1ola sobre los derechos de propiedad intelectual e industrial a favor de IBENSE LOG\u00cdSTICA, S.L.<br \/>Quedando por tanto totalmente prohibida su reproducci\u00f3n, distribuci\u00f3n o comunicaci\u00f3n p\u00fablica, total o parcial, sin la autorizaci\u00f3n expresa de IBENSE LOG\u00cdSTICA, S.L.<\/p><p>\u00a0<\/p><p>NOMBRE DE DOMINIO<\/p><p>\u00a0<\/p><p>De igual forma a lo rese\u00f1ado en los p\u00e1rrafos anteriores, los nombres de dominio \u201cibenselogistica.com\u201c y todos aquellos que sirvan para acceder al presente sitio son de titularidad exclusiva de IBENSE LOG\u00cdSTICA, S.L. El uso indebido de los mismos supondr\u00eda una infracci\u00f3n de los derechos adquiridos por su registro y ser\u00e1 perseguido por los medios previstos en la Ley.<\/p><p>\u00a0<\/p><p>USO PERSONAL<\/p><p>\u00a0<\/p><p>El usuario queda expresamente autorizado por IBENSE LOG\u00cdSTICA, S.L. a visualizar, imprimir, copiar o almacenar en su disco duro o cualquier otro soporte f\u00edsico, los contenidos y activos amparados o no por un derecho de exclusiva (a excepci\u00f3n de los programas de ordenador), siempre que \u00e9sta actuaci\u00f3n se efect\u00fae para el uso personal y privado del usuario, sin finalidad comercial o de distribuci\u00f3n y sin modificar, alterar o descompilar los antedichos derechos y contenidos. Esta licencia de uso personal se entiende efectuada siempre y cuando se respeten intactas las advertencias a los derechos de autor y de propiedad industrial que se realizan, sin que esto signifique la concesi\u00f3n de licencia alguna al usuario.<br \/>Cualquier otro uso de los contenidos o creaciones intelectuales de este sitio requerir\u00e1 la autorizaci\u00f3n expresa y por escrito de IBENSE LOG\u00cdSTICA, S.L.<\/p><p>\u00a0<\/p><p>RESERVA DE ACCIONES LEGALES<\/p><p>\u00a0<\/p><p>IBENSE LOG\u00cdSTICA, S.L. se reserva en todo momento el ejercicio de cuantos medios o acciones legales le correspondan en defensa de sus leg\u00edtimos derechos de propiedad intelectual e industrial frente a un uso no autorizado de los mismos o a cualquier actuaci\u00f3n que pudiera perjudicarlos.<\/p><p>\u00a0<\/p><p>ENLACES<\/p><p>\u00a0<\/p><p>Los enlaces con los que el usuario pueda encontrarse durante la navegaci\u00f3n en este sitio Web le permiten abandonar este sitio.<br \/>Los sitios enlazados no est\u00e1n relacionados, salvo indicaci\u00f3n de lo contrario, con IBENSE LOG\u00cdSTICA, S.L., quien no se hace responsable de los contenidos a los que se acceda en virtud de los mencionados enlaces, ni de las modificaciones que se lleven a cabo en los mismos, ni del uso que de aquellos se realice, ni de la disponibilidad t\u00e9cnica de los mismos.<br \/>En cualquier caso, IBENSE LOG\u00cdSTICA, S.L. se compromete a hacer todo lo posible para evitar la existencia en su sitio Web de enlaces a p\u00e1ginas de contenido ilegal, que promuevan actividades il\u00edcitas, racistas, xen\u00f3fobas y, en general, susceptibles de atentar contra los principios de libertad y de dignidad humana o vulneren los valores y derechos reconocidos por la Constituci\u00f3n Espa\u00f1ola y por la Declaraci\u00f3n Universal de los Derechos Humanos.<br \/>En el supuesto de que alg\u00fan usuario estimase que alg\u00fan enlace incluido el Sitio Web menoscaba en cualquier forma sus derechos o si le supone el m\u00e1s m\u00ednimo perjuicio, tan s\u00f3lo debe comunicarlo mediante el env\u00edo de un correo electr\u00f3nico a IBENSE LOG\u00cdSTICA, S.L. , teniendo la confianza de que se tomar\u00e1n las medidas oportunas al respecto.<\/p><p>\u00a0<\/p><p>CONTENIDO DE LA WEB<\/p><p>\u00a0<\/p><p>IBENSE LOG\u00cdSTICA, S.L. no se responsabiliza del mal uso que se realice de los contenidos de nuestra p\u00e1gina web, siendo exclusiva responsabilidad de la persona que accede a ellos o los utiliza.<\/p><p>\u00a0<\/p><p>ACTUALIZACI\u00d3N Y MODIFICACI\u00d3N DE LA P\u00c1GINA WEB<\/p><p>\u00a0<\/p><p>IBENSE LOG\u00cdSTICA, S.L. se reserva el derecho a modificar o eliminar, sin previo aviso, tanto la informaci\u00f3n contenida en su sitio Web, as\u00ed como su configuraci\u00f3n y presentaci\u00f3n, sin asumir responsabilidad alguna por ello.<\/p><p>\u00a0<\/p><p>INDICACIONES SOBRE ASPECTOS T\u00c9CNICOS<\/p><p>\u00a0<\/p><p>IBENSE LOG\u00cdSTICA, S.L. no asume ninguna responsabilidad que se pueda derivar de problemas t\u00e9cnicos o fallos en los equipos inform\u00e1ticos que se produzcan durante la conexi\u00f3n a la red de Internet, as\u00ed como de da\u00f1os que pudieran ser causados por terceras personas mediante intromisiones ileg\u00edtimas fuera del control de IBENSE LOG\u00cdSTICA, S.L.<br \/>Tambi\u00e9n quedamos exonerados de toda responsabilidad ante posibles da\u00f1os o perjuicios que pueda sufrir el usuario a consecuencia de errores, defectos u omisiones en la informaci\u00f3n que facilitemos cuando proceda de fuentes ajenas a nosotros.<\/p><p>\u00a0<\/p><p>CONDICIONES DE ACCESO<\/p><p>\u00a0<\/p><p>En general, el acceso a los contenidos facilitados por \u00abIBENSE LOG\u00cdSTICA, S.L.\u00bb ser\u00e1 de car\u00e1cter libre y gratuito, y no se exigir\u00e1 a los usuarios que faciliten datos personales, ni se suscriban, ni hagan uso de claves o contrase\u00f1as, a excepci\u00f3n del acceso restringido a la secci\u00f3n de clientes de \u00abIBENSE LOG\u00cdSTICA, S.L.\u00bb.<br \/>Cuando para la contrataci\u00f3n o solicitud de informaci\u00f3n de un determinado servicio sea necesario facilitar datos de car\u00e1cter personal, los usuarios garantizar\u00e1n su veracidad, exactitud, autenticidad y vigencia. \u00abIBENSE LOG\u00cdSTICA, S.L.\u00bb se compromete a dar a dichos datos el tratamiento automatizado que corresponda en funci\u00f3n de la naturaleza y finalidad de los mismos, en las condiciones y t\u00e9rminos que quedan reflejadas en la Pol\u00edtica de Privacidad.<br \/>Para aquellos casos en los que se hace necesario el uso de claves de acceso (nombre de usuario y contrase\u00f1a), el usuario se compromete a usarlas de acuerdo a las siguientes restricciones:<br \/>Las claves, elegidas por el usuario, no deber\u00e1n ser contrarias a la moral y las buenas costumbres generalmente aceptadas, ni de cualquier modo infringir los derechos de propiedad industrial e intelectual y al honor y a la propia imagen de terceros.<br \/>Las claves de acceso son para uso personal y exclusivo del usuario titular de las mismas, y su custodia y correcta utilizaci\u00f3n son responsabilidad del mismo. \u00abIBENSE LOG\u00cdSTICA, S.L.\u00bb no se hace responsable por ning\u00fan perjuicio en que el usuario o terceros puedan incurrir como consecuencia de que otras personas hagan uso de sus claves, con o sin consentimiento o conocimiento del usuario.<br \/>No obstante, \u00abIBENSE LOG\u00cdSTICA, S.L.\u00bb se compromete a cumplir con el deber de secreto respecto a las claves registradas y utilizadas por los usuarios.<\/p><p>\u00a0<\/p><p>CONDICIONES DE USO<\/p><p>\u00a0<\/p><p>El uso del sitio Web de \u00abIBENSE LOG\u00cdSTICA, S.L.\u00bb deber\u00e1 obedecer al contenido de estas Condiciones Generales, a cualesquiera disposiciones legales aplicables y a las exigencias de la moral y las buenas costumbres generalmente aceptadas, as\u00ed como a las de orden p\u00fablico.<br \/>Salvo previa y expresa autorizaci\u00f3n de \u00abIBENSE LOG\u00cdSTICA, S.L.\u00bb, los usuarios \u00fanicamente podr\u00e1n hacer uso de los contenidos y servicios ofrecidos en este sitio Web a modo personal, absteni\u00e9ndose de realizar cualquier acto que, directa o indirectamente, suponga una explotaci\u00f3n comercial de los mismos.<br \/>En todo caso, los usuarios utilizar\u00e1n los contenidos y servicios facilitados por \u00abIBENSE LOG\u00cdSTICA, S.L.\u00bb de conformidad con la legalidad vigente, y asumir\u00e1n las responsabilidades que les correspondan por las conductas o actividades que, en cualquier forma, puedan resultar il\u00edcitas o lesivas para derechos de terceros o que puedan perjudicar, impedir o limitar el uso de este sitio Web a otros usuarios.<br \/>Los usuarios se comprometen a no transmitir o difundir a trav\u00e9s de \u00abIBENSE LOG\u00cdSTICA, S.L.\u00bb mensajes, im\u00e1genes, fotograf\u00edas, software, datos o contenidos que:<br \/>\u2022 de cualquier forma contravengan o atenten contra derechos fundamentales reconocidos por el ordenamiento jur\u00eddico.<br \/>\u2022 induzcan, inciten o promuevan actuaciones delictivas, denigratorias, difamatorias, infamantes, violentas, discriminatorias por raz\u00f3n de sexo, raza, religi\u00f3n o ideolog\u00eda, o, en general, sean contrarias a la ley, a la moral o al orden p\u00fablico.<br \/>\u2022 sean falsos, ambiguos, inexactos, exagerados, obscenos o extempor\u00e1neos.<br \/>\u2022 se encuentren protegidos por cualesquiera derechos de propiedad intelectual o industrial pertenecientes a terceros, salvo previa y suficiente autorizaci\u00f3n de su leg\u00edtimo titular.<br \/>\u2022 lesionen o puedan lesionar el derecho al honor, a la intimidad personal, a la propia imagen de terceras personas o infrinjan la normativa sobre el secreto o confidencialidad de las comunicaciones.<br \/>\u2022 constituyan publicidad il\u00edcita, enga\u00f1osa o desleal.<br \/>\u2022 contengan virus, caballos de Troya, gusanos, bombas de tiempo o cualquier otro material o programa que pueda da\u00f1ar o alterar el funcionamiento de equipos o sistemas inform\u00e1ticos.<br \/>\u00abIBENSE LOG\u00cdSTICA, S.L.\u00bb se reserva el derecho unilateral, en cualquier momento y sin previo aviso o justificaci\u00f3n, de denegar el acceso a su sitio Web a aquellos usuarios que incumplan estas Condiciones Generales de Uso.<\/p><p>\u00a0<\/p><p>POL\u00cdTICA DE PRIVACIDAD Y PROTECCI\u00d3N DE DATOS (L.O.P.D.)<\/p><p>\u00a0<\/p><p>IBENSE LOG\u00cdSTICA, S.L. pone en conocimiento de los usuarios de este sitio Web, que podr\u00e1 crear un archivo automatizado con los datos personales que sean puestos en conocimiento del referido titular, como consecuencia de la utilizaci\u00f3n de la presente Web y a causa de env\u00edos de correos electr\u00f3nicos, o bien sobre aquellos recabados a trav\u00e9s de nuestro formulario de contacto, en estricto cumplimiento con lo preceptuado por la legislaci\u00f3n en materia de protecci\u00f3n de datos.<br \/>En cumplimiento de lo dispuesto en la Ley Org\u00e1nica 15\/1999, de 13 de diciembre, de Protecci\u00f3n de Datos de Car\u00e1cter Personal, los usuarios podr\u00e1n ejercitar, en cualquier momento, los derechos de acceso, rectificaci\u00f3n, oposici\u00f3n y cancelaci\u00f3n de sus datos, que hubiesen sido recopilados y archivados. El ejercicio de estos derechos deber\u00e1 efectuarse mediante comunicaci\u00f3n escrita dirigida a la sede social de IBENSE LOG\u00cdSTICA, S.L. o a la direcci\u00f3n de correo electr\u00f3nico ibenselogistica.sl@gmail.com, indicando, en cualquiera de los casos, como referencia \u00abDatos Personales\u00bb y el referido derecho que pretendan accionar, adjuntando copia de su Documento Nacional de Identidad.<br \/>Los datos registrados podr\u00edan ser utilizados con la finalidad prestarle y\/o ofrecerle nuestros servicios, de efectuar estad\u00edsticas, la remisi\u00f3n de publicidad \u2013 incluso por medios electr\u00f3nicos -, la gesti\u00f3n de incidencias o la realizaci\u00f3n de estudios de mercado, entre otras actividades.<br \/>En su caso, los datos de car\u00e1cter personal facilitados por los usuarios podr\u00e1n ser comunicados a un tercero s\u00f3lo para el cumplimiento de los fines se\u00f1alados anteriormente y previo consentimiento de los interesados, que se entender\u00e1 otorgado si nada manifiestan al contrario en el plazo de quince d\u00edas desde que facilitaran sus datos. En cualquier caso, el se\u00f1alado consentimiento podr\u00e1 ser revocable en cualquier momento mediante comunicaci\u00f3n escrita dirigida a la sede social del titular, indicando como referencia \u00abBaja Datos Personales\u00bb.<\/p>\t\t\t\t\t\t\t\t<\/div>\n\t\t\t\t<\/div>\n\t\t\t\t\t<\/div>\n\t\t\t\t<\/div>\n\t\t<div class=\"elementor-element elementor-element-3773a53 e-grid e-con-boxed e-con e-parent\" data-id=\"3773a53\" data-element_type=\"container\" data-e-type=\"container\">\n\t\t\t\t\t<div class=\"e-con-inner\">\n\t\t<div class=\"elementor-element elementor-element-1197a0d e-con-full e-flex e-con e-child\" data-id=\"1197a0d\" data-element_type=\"container\" data-e-type=\"container\">\n\t\t\t\t<div class=\"elementor-element elementor-element-e2f49b9 elementor-widget elementor-widget-image\" data-id=\"e2f49b9\" data-element_type=\"widget\" data-e-type=\"widget\" data-widget_type=\"image.default\">\n\t\t\t\t<div class=\"elementor-widget-container\">\n\t\t\t\t\t\t\t\t\t\t\t\t\t\t\t<img fetchpriority=\"high\" decoding=\"async\" width=\"1024\" height=\"133\" src=\"https:\/\/ibenselogistica.com\/wp-content\/uploads\/2024\/05\/banner-kit-digital-1-1024x133-1.png\" class=\"attachment-1536x1536 size-1536x1536 wp-image-150\" alt=\"\" srcset=\"https:\/\/ibenselogistica.com\/wp-content\/uploads\/2024\/05\/banner-kit-digital-1-1024x133-1.png 1024w, https:\/\/ibenselogistica.com\/wp-content\/uploads\/2024\/05\/banner-kit-digital-1-1024x133-1-300x39.png 300w, https:\/\/ibenselogistica.com\/wp-content\/uploads\/2024\/05\/banner-kit-digital-1-1024x133-1-768x100.png 768w\" sizes=\"(max-width: 1024px) 100vw, 1024px\" \/>\t\t\t\t\t\t\t\t\t\t\t\t\t\t\t<\/div>\n\t\t\t\t<\/div>\n\t\t\t\t<\/div>\n\t\t\t\t\t<\/div>\n\t\t\t\t<\/div>\n\t\t\t\t<\/div>\n\t\t","protected":false},"excerpt":{"rendered":"<p>DATOS DE LA EMPRESA \u00a0 En cumplimiento del art\u00edculo 10 de la Ley 34\/2002, de 11 de julio, de Servicios de la Sociedad de la Informaci\u00f3n y Comercio Electr\u00f3nico, a continuaci\u00f3n se exponen los datos identificativos de la empresa.Nombre Jur\u00eddico: IBENSE LOG\u00cdSTICA, S.L.\u00a0 \u00a0 Denominaci\u00f3n social:\u00a0Sociedad LimitadaDomicilio social: C\/B, PARCELA 16-18, Desp. 3, P.I. MAIGM\u00d3, [&hellip;]<\/p>\n","protected":false},"author":1,"featured_media":0,"parent":0,"menu_order":0,"comment_status":"closed","ping_status":"closed","template":"","meta":{"footnotes":""},"class_list":["post-105","page","type-page","status-publish","hentry"],"yoast_head":"<!-- This site is optimized with the Yoast SEO plugin v23.2 - https:\/\/yoast.com\/wordpress\/plugins\/seo\/ -->\n<title>Aviso legal - Ibense Log\u00edstica<\/title>\n<meta name=\"robots\" content=\"index, follow, max-snippet:-1, max-image-preview:large, max-video-preview:-1\" \/>\n<link rel=\"canonical\" href=\"https:\/\/ibenselogistica.com\/index.php\/aviso-legal\/\" \/>\n<meta property=\"og:locale\" content=\"es_ES\" \/>\n<meta property=\"og:type\" content=\"article\" \/>\n<meta property=\"og:title\" content=\"Aviso legal - Ibense Log\u00edstica\" \/>\n<meta property=\"og:description\" content=\"DATOS DE LA EMPRESA \u00a0 En cumplimiento del art\u00edculo 10 de la Ley 34\/2002, de 11 de julio, de Servicios de la Sociedad de la Informaci\u00f3n y Comercio Electr\u00f3nico, a continuaci\u00f3n se exponen los datos identificativos de la empresa.Nombre Jur\u00eddico: IBENSE LOG\u00cdSTICA, S.L.\u00a0 \u00a0 Denominaci\u00f3n social:\u00a0Sociedad LimitadaDomicilio social: C\/B, PARCELA 16-18, Desp. 3, P.I. MAIGM\u00d3, [&hellip;]\" \/>\n<meta property=\"og:url\" content=\"https:\/\/ibenselogistica.com\/index.php\/aviso-legal\/\" \/>\n<meta property=\"og:site_name\" content=\"Ibense Log\u00edstica\" \/>\n<meta property=\"article:modified_time\" content=\"2025-06-11T07:30:12+00:00\" \/>\n<meta property=\"og:image\" content=\"https:\/\/ibenselogistica.com\/wp-content\/uploads\/2024\/05\/banner-kit-digital-1-1024x133-1.png\" \/>\n<meta name=\"twitter:card\" content=\"summary_large_image\" \/>\n<meta name=\"twitter:label1\" content=\"Tiempo de lectura\" \/>\n\t<meta name=\"twitter:data1\" content=\"10 minutos\" \/>\n<script type=\"application\/ld+json\" class=\"yoast-schema-graph\">{\"@context\":\"https:\/\/schema.org\",\"@graph\":[{\"@type\":\"WebPage\",\"@id\":\"https:\/\/ibenselogistica.com\/index.php\/aviso-legal\/\",\"url\":\"https:\/\/ibenselogistica.com\/index.php\/aviso-legal\/\",\"name\":\"Aviso legal - Ibense Log\u00edstica\",\"isPartOf\":{\"@id\":\"https:\/\/ibenselogistica.com\/#website\"},\"primaryImageOfPage\":{\"@id\":\"https:\/\/ibenselogistica.com\/index.php\/aviso-legal\/#primaryimage\"},\"image\":{\"@id\":\"https:\/\/ibenselogistica.com\/index.php\/aviso-legal\/#primaryimage\"},\"thumbnailUrl\":\"https:\/\/ibenselogistica.com\/wp-content\/uploads\/2024\/05\/banner-kit-digital-1-1024x133-1.png\",\"datePublished\":\"2024-05-08T15:34:02+00:00\",\"dateModified\":\"2025-06-11T07:30:12+00:00\",\"breadcrumb\":{\"@id\":\"https:\/\/ibenselogistica.com\/index.php\/aviso-legal\/#breadcrumb\"},\"inLanguage\":\"es\",\"potentialAction\":[{\"@type\":\"ReadAction\",\"target\":[\"https:\/\/ibenselogistica.com\/index.php\/aviso-legal\/\"]}]},{\"@type\":\"ImageObject\",\"inLanguage\":\"es\",\"@id\":\"https:\/\/ibenselogistica.com\/index.php\/aviso-legal\/#primaryimage\",\"url\":\"https:\/\/ibenselogistica.com\/wp-content\/uploads\/2024\/05\/banner-kit-digital-1-1024x133-1.png\",\"contentUrl\":\"https:\/\/ibenselogistica.com\/wp-content\/uploads\/2024\/05\/banner-kit-digital-1-1024x133-1.png\",\"width\":1024,\"height\":133},{\"@type\":\"BreadcrumbList\",\"@id\":\"https:\/\/ibenselogistica.com\/index.php\/aviso-legal\/#breadcrumb\",\"itemListElement\":[{\"@type\":\"ListItem\",\"position\":1,\"name\":\"Portada\",\"item\":\"https:\/\/ibenselogistica.com\/\"},{\"@type\":\"ListItem\",\"position\":2,\"name\":\"Aviso legal\"}]},{\"@type\":\"WebSite\",\"@id\":\"https:\/\/ibenselogistica.com\/#website\",\"url\":\"https:\/\/ibenselogistica.com\/\",\"name\":\"Ibense Log\u00edstica\",\"description\":\"\",\"publisher\":{\"@id\":\"https:\/\/ibenselogistica.com\/#organization\"},\"potentialAction\":[{\"@type\":\"SearchAction\",\"target\":{\"@type\":\"EntryPoint\",\"urlTemplate\":\"https:\/\/ibenselogistica.com\/?s={search_term_string}\"},\"query-input\":\"required name=search_term_string\"}],\"inLanguage\":\"es\"},{\"@type\":\"Organization\",\"@id\":\"https:\/\/ibenselogistica.com\/#organization\",\"name\":\"Ibense Log\u00edstica, S.L.\",\"url\":\"https:\/\/ibenselogistica.com\/\",\"logo\":{\"@type\":\"ImageObject\",\"inLanguage\":\"es\",\"@id\":\"https:\/\/ibenselogistica.com\/#\/schema\/logo\/image\/\",\"url\":\"https:\/\/ibenselogistica.com\/wp-content\/uploads\/2024\/05\/20211005_logo_ibense_esquinas_redondeadas.png\",\"contentUrl\":\"https:\/\/ibenselogistica.com\/wp-content\/uploads\/2024\/05\/20211005_logo_ibense_esquinas_redondeadas.png\",\"width\":1464,\"height\":405,\"caption\":\"Ibense Log\u00edstica, S.L.\"},\"image\":{\"@id\":\"https:\/\/ibenselogistica.com\/#\/schema\/logo\/image\/\"}}]}<\/script>\n<!-- \/ Yoast SEO plugin. -->","yoast_head_json":{"title":"Aviso legal - Ibense Log\u00edstica","robots":{"index":"index","follow":"follow","max-snippet":"max-snippet:-1","max-image-preview":"max-image-preview:large","max-video-preview":"max-video-preview:-1"},"canonical":"https:\/\/ibenselogistica.com\/index.php\/aviso-legal\/","og_locale":"es_ES","og_type":"article","og_title":"Aviso legal - Ibense Log\u00edstica","og_description":"DATOS DE LA EMPRESA \u00a0 En cumplimiento del art\u00edculo 10 de la Ley 34\/2002, de 11 de julio, de Servicios de la Sociedad de la Informaci\u00f3n y Comercio Electr\u00f3nico, a continuaci\u00f3n se exponen los datos identificativos de la empresa.Nombre Jur\u00eddico: IBENSE LOG\u00cdSTICA, S.L.\u00a0 \u00a0 Denominaci\u00f3n social:\u00a0Sociedad LimitadaDomicilio social: C\/B, PARCELA 16-18, Desp. 3, P.I. MAIGM\u00d3, [&hellip;]","og_url":"https:\/\/ibenselogistica.com\/index.php\/aviso-legal\/","og_site_name":"Ibense Log\u00edstica","article_modified_time":"2025-06-11T07:30:12+00:00","og_image":[{"url":"https:\/\/ibenselogistica.com\/wp-content\/uploads\/2024\/05\/banner-kit-digital-1-1024x133-1.png"}],"twitter_card":"summary_large_image","twitter_misc":{"Tiempo de lectura":"10 minutos"},"schema":{"@context":"https:\/\/schema.org","@graph":[{"@type":"WebPage","@id":"https:\/\/ibenselogistica.com\/index.php\/aviso-legal\/","url":"https:\/\/ibenselogistica.com\/index.php\/aviso-legal\/","name":"Aviso legal - Ibense Log\u00edstica","isPartOf":{"@id":"https:\/\/ibenselogistica.com\/#website"},"primaryImageOfPage":{"@id":"https:\/\/ibenselogistica.com\/index.php\/aviso-legal\/#primaryimage"},"image":{"@id":"https:\/\/ibenselogistica.com\/index.php\/aviso-legal\/#primaryimage"},"thumbnailUrl":"https:\/\/ibenselogistica.com\/wp-content\/uploads\/2024\/05\/banner-kit-digital-1-1024x133-1.png","datePublished":"2024-05-08T15:34:02+00:00","dateModified":"2025-06-11T07:30:12+00:00","breadcrumb":{"@id":"https:\/\/ibenselogistica.com\/index.php\/aviso-legal\/#breadcrumb"},"inLanguage":"es","potentialAction":[{"@type":"ReadAction","target":["https:\/\/ibenselogistica.com\/index.php\/aviso-legal\/"]}]},{"@type":"ImageObject","inLanguage":"es","@id":"https:\/\/ibenselogistica.com\/index.php\/aviso-legal\/#primaryimage","url":"https:\/\/ibenselogistica.com\/wp-content\/uploads\/2024\/05\/banner-kit-digital-1-1024x133-1.png","contentUrl":"https:\/\/ibenselogistica.com\/wp-content\/uploads\/2024\/05\/banner-kit-digital-1-1024x133-1.png","width":1024,"height":133},{"@type":"BreadcrumbList","@id":"https:\/\/ibenselogistica.com\/index.php\/aviso-legal\/#breadcrumb","itemListElement":[{"@type":"ListItem","position":1,"name":"Portada","item":"https:\/\/ibenselogistica.com\/"},{"@type":"ListItem","position":2,"name":"Aviso legal"}]},{"@type":"WebSite","@id":"https:\/\/ibenselogistica.com\/#website","url":"https:\/\/ibenselogistica.com\/","name":"Ibense Log\u00edstica","description":"","publisher":{"@id":"https:\/\/ibenselogistica.com\/#organization"},"potentialAction":[{"@type":"SearchAction","target":{"@type":"EntryPoint","urlTemplate":"https:\/\/ibenselogistica.com\/?s={search_term_string}"},"query-input":"required name=search_term_string"}],"inLanguage":"es"},{"@type":"Organization","@id":"https:\/\/ibenselogistica.com\/#organization","name":"Ibense Log\u00edstica, S.L.","url":"https:\/\/ibenselogistica.com\/","logo":{"@type":"ImageObject","inLanguage":"es","@id":"https:\/\/ibenselogistica.com\/#\/schema\/logo\/image\/","url":"https:\/\/ibenselogistica.com\/wp-content\/uploads\/2024\/05\/20211005_logo_ibense_esquinas_redondeadas.png","contentUrl":"https:\/\/ibenselogistica.com\/wp-content\/uploads\/2024\/05\/20211005_logo_ibense_esquinas_redondeadas.png","width":1464,"height":405,"caption":"Ibense Log\u00edstica, S.L."},"image":{"@id":"https:\/\/ibenselogistica.com\/#\/schema\/logo\/image\/"}}]}},"_links":{"self":[{"href":"https:\/\/ibenselogistica.com\/index.php\/wp-json\/wp\/v2\/pages\/105","targetHints":{"allow":["GET"]}}],"collection":[{"href":"https:\/\/ibenselogistica.com\/index.php\/wp-json\/wp\/v2\/pages"}],"about":[{"href":"https:\/\/ibenselogistica.com\/index.php\/wp-json\/wp\/v2\/types\/page"}],"author":[{"embeddable":true,"href":"https:\/\/ibenselogistica.com\/index.php\/wp-json\/wp\/v2\/users\/1"}],"replies":[{"embeddable":true,"href":"https:\/\/ibenselogistica.com\/index.php\/wp-json\/wp\/v2\/comments?post=105"}],"version-history":[{"count":8,"href":"https:\/\/ibenselogistica.com\/index.php\/wp-json\/wp\/v2\/pages\/105\/revisions"}],"predecessor-version":[{"id":189,"href":"https:\/\/ibenselogistica.com\/index.php\/wp-json\/wp\/v2\/pages\/105\/revisions\/189"}],"wp:attachment":[{"href":"https:\/\/ibenselogistica.com\/index.php\/wp-json\/wp\/v2\/media?parent=105"}],"curies":[{"name":"wp","href":"https:\/\/api.w.org\/{rel}","templated":true}]}}